{"id":2,"date":"2013-02-25T15:10:10","date_gmt":"2013-02-25T13:10:10","guid":{"rendered":"http:\/\/localhost\/millbrooks\/?page_id=2"},"modified":"2023-07-12T18:20:12","modified_gmt":"2023-07-12T16:20:12","slug":"home","status":"publish","type":"page","link":"https:\/\/www.millbrooks.de\/","title":{"rendered":"Home"},"content":{"rendered":"<p>Herzlich Willkommen\u00a0auf der Homepage\u00a0der Werkstattgalerie Millbrooks in K\u00f6ln-S\u00fclz.<\/p>\n<p>Eine Auswahl unseres Angebotes finden Sie zus\u00e4tzlich auf folgenden Portalen:<\/p>\n<p><a href=\"https:\/\/www.etsy.com\/de\/shop\/MillbrooksCologne\">https:\/\/www.etsy.com\/de\/shop\/MillbrooksCologne<\/a><\/p>\n<p><a href=\"https:\/\/www.pamono.de\/dealers\/millbrooks\">https:\/\/www.pamono.de\/dealers\/millbrooks<\/a><\/p>\n<p><a href=\"https:\/\/www.chairish.com\/shop\/ey64mz\">https:\/\/www.chairish.com\/shop\/ey64mz<\/a><\/p>\n<p><a href=\"https:\/\/www.vinterior.co\/sellers\/millbrooks\">https:\/\/www.vinterior.co\/sellers\/millbrooks<\/a><\/p>\n<p>Der heutigen Zeit des \u00fcbertriebenen Konsums, der die Kultivierung anderer Aspekte eines erf\u00fcllten Lebens unterdr\u00fcckt, entgegenzutreten ist ein Anspruch, dem wir uns verschrieben haben.<\/p>\n<p>In der jetzigen schnell-lebigen Zeit, in der die Ressourcen \u00fcberbeansprucht werden, legen wir unser Augenmerk auf qualitativ hochwertig gefertigte St\u00fccke aus vergangenen Tagen, die noch heute durch ihre Ausstrahlung bestechen.<\/p>\n<p>Von Generationen gesch\u00e4tzte Werte werden fachgerecht und mit viel Liebe restauriert. Diese Nachhaltigkeit l\u00e4sst Ruhe und Tradition in unser hektisches Leben einflie\u00dfen.<\/p>\n<p>Den Kunden erwartet eine gro\u00dfe Auswahl an unterschiedlichen B\u00fcro- und Wohnaccessoires \u2013 Gartenm\u00f6bel, Globen, Lampen, Tische, Spiegel, Gl\u00e4ser, Brotdosen, Bilderrahmen, Kerzenleuchter und vieles mehr \u2013 aus der Jugendstil-, Art Deco-, Bauhauszeit, aus den 50er, 60er- und 70er Jahren.<\/p>\n<p>Lassen Sie sich von der Vielfalt der Sch\u00e4tze inspirieren.<\/p>\n<p>Beachten Sie bitte, da\u00df wir nur Originale f\u00fchren, die \u00fcberschaubare\u00a0Spuren der Zeit tragen k\u00f6nnen, da diese St\u00fccke zwischen 40 und 100 Jahren alt sind.<\/p>\n<p>Unser K\u00f6lner Ladengesch\u00e4ft hat seine Pforten f\u00fcr Sie ge\u00f6ffnet. Wir stellen laufend restaurierte Einzelst\u00fccke ins Schaufenster und ins Web.<\/p>\n<p><span style=\"line-height: 1.5;\"><span style=\"line-height: 1.5;\">Anfragen \u00fcber die Homepage beantworten wir gerne.<\/span><\/span><\/p>\n<p>Wir freuen uns, Sie kennen zu lernen.<\/p>\n<p>Ihr Millbrooks-Team<\/p>\n","protected":false},"excerpt":{"rendered":"<p>Herzlich Willkommen\u00a0auf der Homepage\u00a0der Werkstattgalerie Millbrooks in K\u00f6ln-S\u00fclz. Eine Auswahl unseres Angebotes finden Sie zus\u00e4tzlich auf folgenden Portalen: https:\/\/www.etsy.com\/de\/shop\/MillbrooksCologne https:\/\/www.pamono.de\/dealers\/millbrooks https:\/\/www.chairish.com\/shop\/ey64mz https:\/\/www.vinterior.co\/sellers\/millbrooks Der heutigen Zeit des \u00fcbertriebenen Konsums, der die Kultivierung anderer Aspekte eines erf\u00fcllten Lebens unterdr\u00fcckt, entgegenzutreten ist ein Anspruch, dem wir uns verschrieben haben. In der jetzigen schnell-lebigen Zeit, in der die Ressourcen &hellip; <a href=\"https:\/\/www.millbrooks.de\/\" class=\"more-link\"><span class=\"screen-reader-text\">Home<\/span> weiterlesen <span class=\"meta-nav\">&rarr;<\/span><\/a><\/p>\n","protected":false},"author":2,"featured_media":0,"parent":0,"menu_order":0,"comment_status":"closed","ping_status":"closed","template":"","meta":{"footnotes":""},"class_list":["post-2","page","type-page","status-publish","hentry"],"_links":{"self":[{"href":"https:\/\/www.millbrooks.de\/index.php?rest_route=\/wp\/v2\/pages\/2","targetHints":{"allow":["GET"]}}],"collection":[{"href":"https:\/\/www.millbrooks.de\/index.php?rest_route=\/wp\/v2\/pages"}],"about":[{"href":"https:\/\/www.millbrooks.de\/index.php?rest_route=\/wp\/v2\/types\/page"}],"author":[{"embeddable":true,"href":"https:\/\/www.millbrooks.de\/index.php?rest_route=\/wp\/v2\/users\/2"}],"replies":[{"embeddable":true,"href":"https:\/\/www.millbrooks.de\/index.php?rest_route=%2Fwp%2Fv2%2Fcomments&post=2"}],"version-history":[{"count":35,"href":"https:\/\/www.millbrooks.de\/index.php?rest_route=\/wp\/v2\/pages\/2\/revisions"}],"predecessor-version":[{"id":94001,"href":"https:\/\/www.millbrooks.de\/index.php?rest_route=\/wp\/v2\/pages\/2\/revisions\/94001"}],"wp:attachment":[{"href":"https:\/\/www.millbrooks.de\/index.php?rest_route=%2Fwp%2Fv2%2Fmedia&parent=2"}],"curies":[{"name":"wp","href":"https:\/\/api.w.org\/{rel}","templated":true}]}}