{"id":18101,"date":"2016-10-24T21:25:26","date_gmt":"2016-10-24T19:25:26","guid":{"rendered":"https:\/\/www.millbrooks.de\/?page_id=18101"},"modified":"2019-10-15T22:31:18","modified_gmt":"2019-10-15T20:31:18","slug":"garten-balkontische-und-stuehle-liegen","status":"publish","type":"page","link":"https:\/\/www.millbrooks.de\/?page_id=18101","title":{"rendered":"Garten- und Balkonm\u00f6bel &#8211; Garden and balcony furniture"},"content":{"rendered":"<p>&nbsp;<\/p>\n<h5>Detailansichten \/ Detailed view<\/h5>\n<div id='gallery-1' class='gallery galleryid-18101 gallery-columns-3 gallery-size-thumbnail'><figure class='gallery-item'>\n\t\t\t<div class='gallery-icon landscape'>\n\t\t\t\t<a href='https:\/\/www.millbrooks.de\/wp-content\/uploads\/2019\/10\/IMG_5435-1-2.jpg'><img loading=\"lazy\" decoding=\"async\" width=\"150\" height=\"150\" src=\"https:\/\/www.millbrooks.de\/wp-content\/uploads\/2019\/10\/IMG_5435-1-2-150x150.jpg\" class=\"attachment-thumbnail size-thumbnail\" alt=\"GB1 - 1 Paar Garten-Klappst\u00fchle, Jugendstil im \u00dcbergang zu Art Deco\" aria-describedby=\"gallery-1-53201\" \/><\/a>\n\t\t\t<\/div>\n\t\t\t\t<figcaption class='wp-caption-text gallery-caption' id='gallery-1-53201'>\n\t\t\t\t\nGB1 &#8211; 1 Paar Garten-Klappst\u00fchle, Jugendstil im \u00dcbergang zu Art Deco\n\t\t\t\t<\/figcaption><\/figure><figure class='gallery-item'>\n\t\t\t<div class='gallery-icon landscape'>\n\t\t\t\t<a href='https:\/\/www.millbrooks.de\/wp-content\/uploads\/2019\/10\/IMG_5435-1-3.jpg'><img loading=\"lazy\" decoding=\"async\" width=\"150\" height=\"150\" src=\"https:\/\/www.millbrooks.de\/wp-content\/uploads\/2019\/10\/IMG_5435-1-3-150x150.jpg\" class=\"attachment-thumbnail size-thumbnail\" alt=\"\" \/><\/a>\n\t\t\t<\/div><\/figure><figure class='gallery-item'>\n\t\t\t<div class='gallery-icon portrait'>\n\t\t\t\t<a href='https:\/\/www.millbrooks.de\/wp-content\/uploads\/2019\/10\/IMG_5435-1-4.jpg'><img loading=\"lazy\" decoding=\"async\" width=\"150\" height=\"150\" src=\"https:\/\/www.millbrooks.de\/wp-content\/uploads\/2019\/10\/IMG_5435-1-4-150x150.jpg\" class=\"attachment-thumbnail size-thumbnail\" alt=\"\" \/><\/a>\n\t\t\t<\/div><\/figure><figure class='gallery-item'>\n\t\t\t<div class='gallery-icon portrait'>\n\t\t\t\t<a href='https:\/\/www.millbrooks.de\/wp-content\/uploads\/2019\/10\/IMG_5435-1-14.jpg'><img loading=\"lazy\" decoding=\"async\" width=\"150\" height=\"150\" src=\"https:\/\/www.millbrooks.de\/wp-content\/uploads\/2019\/10\/IMG_5435-1-14-150x150.jpg\" class=\"attachment-thumbnail size-thumbnail\" alt=\"\" \/><\/a>\n\t\t\t<\/div><\/figure><figure class='gallery-item'>\n\t\t\t<div class='gallery-icon portrait'>\n\t\t\t\t<a href='https:\/\/www.millbrooks.de\/wp-content\/uploads\/2019\/10\/IMG_5435-1-15.jpg'><img loading=\"lazy\" decoding=\"async\" width=\"150\" height=\"150\" src=\"https:\/\/www.millbrooks.de\/wp-content\/uploads\/2019\/10\/IMG_5435-1-15-150x150.jpg\" class=\"attachment-thumbnail size-thumbnail\" alt=\"\" \/><\/a>\n\t\t\t<\/div><\/figure><figure class='gallery-item'>\n\t\t\t<div class='gallery-icon portrait'>\n\t\t\t\t<a href='https:\/\/www.millbrooks.de\/wp-content\/uploads\/2019\/10\/IMG_5435-1-21.jpg'><img loading=\"lazy\" decoding=\"async\" width=\"150\" height=\"150\" src=\"https:\/\/www.millbrooks.de\/wp-content\/uploads\/2019\/10\/IMG_5435-1-21-150x150.jpg\" class=\"attachment-thumbnail size-thumbnail\" alt=\"\" \/><\/a>\n\t\t\t<\/div><\/figure><figure class='gallery-item'>\n\t\t\t<div class='gallery-icon portrait'>\n\t\t\t\t<a href='https:\/\/www.millbrooks.de\/wp-content\/uploads\/2019\/10\/IMG_5435-1-22.jpg'><img loading=\"lazy\" decoding=\"async\" width=\"150\" height=\"150\" src=\"https:\/\/www.millbrooks.de\/wp-content\/uploads\/2019\/10\/IMG_5435-1-22-150x150.jpg\" class=\"attachment-thumbnail size-thumbnail\" alt=\"\" \/><\/a>\n\t\t\t<\/div><\/figure><figure class='gallery-item'>\n\t\t\t<div class='gallery-icon portrait'>\n\t\t\t\t<a href='https:\/\/www.millbrooks.de\/wp-content\/uploads\/2019\/10\/IMG_5435-1-17.jpg'><img loading=\"lazy\" decoding=\"async\" width=\"150\" height=\"150\" src=\"https:\/\/www.millbrooks.de\/wp-content\/uploads\/2019\/10\/IMG_5435-1-17-150x150.jpg\" class=\"attachment-thumbnail size-thumbnail\" alt=\"\" \/><\/a>\n\t\t\t<\/div><\/figure><figure class='gallery-item'>\n\t\t\t<div class='gallery-icon landscape'>\n\t\t\t\t<a href='https:\/\/www.millbrooks.de\/wp-content\/uploads\/2019\/10\/IMG_5435-1-7.jpg'><img loading=\"lazy\" decoding=\"async\" width=\"150\" height=\"150\" src=\"https:\/\/www.millbrooks.de\/wp-content\/uploads\/2019\/10\/IMG_5435-1-7-150x150.jpg\" class=\"attachment-thumbnail size-thumbnail\" alt=\"\" \/><\/a>\n\t\t\t<\/div><\/figure><figure class='gallery-item'>\n\t\t\t<div class='gallery-icon landscape'>\n\t\t\t\t<a href='https:\/\/www.millbrooks.de\/wp-content\/uploads\/2019\/10\/IMG_5435-1-5.jpg'><img loading=\"lazy\" decoding=\"async\" width=\"150\" height=\"150\" src=\"https:\/\/www.millbrooks.de\/wp-content\/uploads\/2019\/10\/IMG_5435-1-5-150x150.jpg\" class=\"attachment-thumbnail size-thumbnail\" alt=\"\" \/><\/a>\n\t\t\t<\/div><\/figure><figure class='gallery-item'>\n\t\t\t<div class='gallery-icon portrait'>\n\t\t\t\t<a href='https:\/\/www.millbrooks.de\/wp-content\/uploads\/2019\/10\/IMG_5435-1-18.jpg'><img loading=\"lazy\" decoding=\"async\" width=\"150\" height=\"150\" src=\"https:\/\/www.millbrooks.de\/wp-content\/uploads\/2019\/10\/IMG_5435-1-18-150x150.jpg\" class=\"attachment-thumbnail size-thumbnail\" alt=\"\" \/><\/a>\n\t\t\t<\/div><\/figure><figure class='gallery-item'>\n\t\t\t<div class='gallery-icon landscape'>\n\t\t\t\t<a href='https:\/\/www.millbrooks.de\/wp-content\/uploads\/2019\/10\/IMG_5435-1-19.jpg'><img loading=\"lazy\" decoding=\"async\" width=\"150\" height=\"150\" src=\"https:\/\/www.millbrooks.de\/wp-content\/uploads\/2019\/10\/IMG_5435-1-19-150x150.jpg\" class=\"attachment-thumbnail size-thumbnail\" alt=\"\" \/><\/a>\n\t\t\t<\/div><\/figure><figure class='gallery-item'>\n\t\t\t<div class='gallery-icon landscape'>\n\t\t\t\t<a href='https:\/\/www.millbrooks.de\/wp-content\/uploads\/2019\/10\/IMG_5435-1-6.jpg'><img loading=\"lazy\" decoding=\"async\" width=\"150\" height=\"150\" src=\"https:\/\/www.millbrooks.de\/wp-content\/uploads\/2019\/10\/IMG_5435-1-6-150x150.jpg\" class=\"attachment-thumbnail size-thumbnail\" alt=\"\" \/><\/a>\n\t\t\t<\/div><\/figure><figure class='gallery-item'>\n\t\t\t<div class='gallery-icon landscape'>\n\t\t\t\t<a href='https:\/\/www.millbrooks.de\/wp-content\/uploads\/2019\/10\/IMG_5435-1-8.jpg'><img loading=\"lazy\" decoding=\"async\" width=\"150\" height=\"150\" src=\"https:\/\/www.millbrooks.de\/wp-content\/uploads\/2019\/10\/IMG_5435-1-8-150x150.jpg\" class=\"attachment-thumbnail size-thumbnail\" alt=\"\" \/><\/a>\n\t\t\t<\/div><\/figure><figure class='gallery-item'>\n\t\t\t<div class='gallery-icon landscape'>\n\t\t\t\t<a href='https:\/\/www.millbrooks.de\/wp-content\/uploads\/2019\/10\/IMG_5435-1-16.jpg'><img loading=\"lazy\" decoding=\"async\" width=\"150\" height=\"150\" src=\"https:\/\/www.millbrooks.de\/wp-content\/uploads\/2019\/10\/IMG_5435-1-16-150x150.jpg\" class=\"attachment-thumbnail size-thumbnail\" alt=\"\" \/><\/a>\n\t\t\t<\/div><\/figure><figure class='gallery-item'>\n\t\t\t<div class='gallery-icon landscape'>\n\t\t\t\t<a href='https:\/\/www.millbrooks.de\/wp-content\/uploads\/2019\/10\/IMG_5435-1-37.jpg'><img loading=\"lazy\" decoding=\"async\" width=\"150\" height=\"150\" src=\"https:\/\/www.millbrooks.de\/wp-content\/uploads\/2019\/10\/IMG_5435-1-37-150x150.jpg\" class=\"attachment-thumbnail size-thumbnail\" alt=\"\" \/><\/a>\n\t\t\t<\/div><\/figure><figure class='gallery-item'>\n\t\t\t<div class='gallery-icon portrait'>\n\t\t\t\t<a href='https:\/\/www.millbrooks.de\/wp-content\/uploads\/2019\/10\/IMG_5435-1-23.jpg'><img loading=\"lazy\" decoding=\"async\" width=\"150\" height=\"150\" src=\"https:\/\/www.millbrooks.de\/wp-content\/uploads\/2019\/10\/IMG_5435-1-23-150x150.jpg\" class=\"attachment-thumbnail size-thumbnail\" alt=\"\" \/><\/a>\n\t\t\t<\/div><\/figure><figure class='gallery-item'>\n\t\t\t<div class='gallery-icon portrait'>\n\t\t\t\t<a href='https:\/\/www.millbrooks.de\/wp-content\/uploads\/2019\/10\/IMG_5435-1-27.jpg'><img loading=\"lazy\" decoding=\"async\" width=\"150\" height=\"150\" src=\"https:\/\/www.millbrooks.de\/wp-content\/uploads\/2019\/10\/IMG_5435-1-27-150x150.jpg\" class=\"attachment-thumbnail size-thumbnail\" alt=\"\" \/><\/a>\n\t\t\t<\/div><\/figure><figure class='gallery-item'>\n\t\t\t<div class='gallery-icon portrait'>\n\t\t\t\t<a href='https:\/\/www.millbrooks.de\/wp-content\/uploads\/2019\/10\/IMG_5435-1-30.jpg'><img loading=\"lazy\" decoding=\"async\" width=\"150\" height=\"150\" src=\"https:\/\/www.millbrooks.de\/wp-content\/uploads\/2019\/10\/IMG_5435-1-30-150x150.jpg\" class=\"attachment-thumbnail size-thumbnail\" alt=\"\" \/><\/a>\n\t\t\t<\/div><\/figure><figure class='gallery-item'>\n\t\t\t<div class='gallery-icon landscape'>\n\t\t\t\t<a href='https:\/\/www.millbrooks.de\/wp-content\/uploads\/2019\/10\/IMG_5435-1-31.jpg'><img loading=\"lazy\" decoding=\"async\" width=\"150\" height=\"150\" src=\"https:\/\/www.millbrooks.de\/wp-content\/uploads\/2019\/10\/IMG_5435-1-31-150x150.jpg\" class=\"attachment-thumbnail size-thumbnail\" alt=\"\" \/><\/a>\n\t\t\t<\/div><\/figure><figure class='gallery-item'>\n\t\t\t<div class='gallery-icon landscape'>\n\t\t\t\t<a href='https:\/\/www.millbrooks.de\/wp-content\/uploads\/2019\/10\/IMG_5435-1-24.jpg'><img loading=\"lazy\" decoding=\"async\" width=\"150\" height=\"150\" src=\"https:\/\/www.millbrooks.de\/wp-content\/uploads\/2019\/10\/IMG_5435-1-24-150x150.jpg\" class=\"attachment-thumbnail size-thumbnail\" alt=\"\" \/><\/a>\n\t\t\t<\/div><\/figure><figure class='gallery-item'>\n\t\t\t<div class='gallery-icon landscape'>\n\t\t\t\t<a href='https:\/\/www.millbrooks.de\/wp-content\/uploads\/2019\/10\/IMG_5435-1-25.jpg'><img loading=\"lazy\" decoding=\"async\" width=\"150\" height=\"150\" src=\"https:\/\/www.millbrooks.de\/wp-content\/uploads\/2019\/10\/IMG_5435-1-25-150x150.jpg\" class=\"attachment-thumbnail size-thumbnail\" alt=\"\" \/><\/a>\n\t\t\t<\/div><\/figure><figure class='gallery-item'>\n\t\t\t<div class='gallery-icon landscape'>\n\t\t\t\t<a href='https:\/\/www.millbrooks.de\/wp-content\/uploads\/2019\/10\/IMG_5435-1-29.jpg'><img loading=\"lazy\" decoding=\"async\" width=\"150\" height=\"150\" src=\"https:\/\/www.millbrooks.de\/wp-content\/uploads\/2019\/10\/IMG_5435-1-29-150x150.jpg\" class=\"attachment-thumbnail size-thumbnail\" alt=\"\" \/><\/a>\n\t\t\t<\/div><\/figure><figure class='gallery-item'>\n\t\t\t<div class='gallery-icon landscape'>\n\t\t\t\t<a href='https:\/\/www.millbrooks.de\/wp-content\/uploads\/2019\/10\/IMG_5435-1-28.jpg'><img loading=\"lazy\" decoding=\"async\" width=\"150\" height=\"150\" src=\"https:\/\/www.millbrooks.de\/wp-content\/uploads\/2019\/10\/IMG_5435-1-28-150x150.jpg\" class=\"attachment-thumbnail size-thumbnail\" alt=\"\" \/><\/a>\n\t\t\t<\/div><\/figure><figure class='gallery-item'>\n\t\t\t<div class='gallery-icon landscape'>\n\t\t\t\t<a href='https:\/\/www.millbrooks.de\/wp-content\/uploads\/2019\/10\/IMG_5435-1-33.jpg'><img loading=\"lazy\" decoding=\"async\" width=\"150\" height=\"150\" src=\"https:\/\/www.millbrooks.de\/wp-content\/uploads\/2019\/10\/IMG_5435-1-33-150x150.jpg\" class=\"attachment-thumbnail size-thumbnail\" alt=\"\" aria-describedby=\"gallery-1-53232\" \/><\/a>\n\t\t\t<\/div>\n\t\t\t\t<figcaption class='wp-caption-text gallery-caption' id='gallery-1-53232'>\n\t\t\t\tvordere Planke Sitzfl\u00e4che\n\t\t\t\t<\/figcaption><\/figure><figure class='gallery-item'>\n\t\t\t<div class='gallery-icon landscape'>\n\t\t\t\t<a href='https:\/\/www.millbrooks.de\/wp-content\/uploads\/2019\/10\/IMG_5435-1-9.jpg'><img loading=\"lazy\" decoding=\"async\" width=\"150\" height=\"150\" src=\"https:\/\/www.millbrooks.de\/wp-content\/uploads\/2019\/10\/IMG_5435-1-9-150x150.jpg\" class=\"attachment-thumbnail size-thumbnail\" alt=\"\" \/><\/a>\n\t\t\t<\/div><\/figure><figure class='gallery-item'>\n\t\t\t<div class='gallery-icon landscape'>\n\t\t\t\t<a href='https:\/\/www.millbrooks.de\/wp-content\/uploads\/2019\/10\/IMG_5435-1-10.jpg'><img loading=\"lazy\" decoding=\"async\" width=\"150\" height=\"150\" src=\"https:\/\/www.millbrooks.de\/wp-content\/uploads\/2019\/10\/IMG_5435-1-10-150x150.jpg\" class=\"attachment-thumbnail size-thumbnail\" alt=\"\" \/><\/a>\n\t\t\t<\/div><\/figure><figure class='gallery-item'>\n\t\t\t<div class='gallery-icon landscape'>\n\t\t\t\t<a href='https:\/\/www.millbrooks.de\/wp-content\/uploads\/2019\/10\/IMG_5435-1-11.jpg'><img loading=\"lazy\" decoding=\"async\" width=\"150\" height=\"150\" src=\"https:\/\/www.millbrooks.de\/wp-content\/uploads\/2019\/10\/IMG_5435-1-11-150x150.jpg\" class=\"attachment-thumbnail size-thumbnail\" alt=\"\" \/><\/a>\n\t\t\t<\/div><\/figure><figure class='gallery-item'>\n\t\t\t<div class='gallery-icon landscape'>\n\t\t\t\t<a href='https:\/\/www.millbrooks.de\/wp-content\/uploads\/2019\/10\/IMG_5435-1-12.jpg'><img loading=\"lazy\" decoding=\"async\" width=\"150\" height=\"150\" src=\"https:\/\/www.millbrooks.de\/wp-content\/uploads\/2019\/10\/IMG_5435-1-12-150x150.jpg\" class=\"attachment-thumbnail size-thumbnail\" alt=\"\" \/><\/a>\n\t\t\t<\/div><\/figure><figure class='gallery-item'>\n\t\t\t<div class='gallery-icon landscape'>\n\t\t\t\t<a href='https:\/\/www.millbrooks.de\/wp-content\/uploads\/2019\/10\/IMG_5435-1-13.jpg'><img loading=\"lazy\" decoding=\"async\" width=\"150\" height=\"150\" src=\"https:\/\/www.millbrooks.de\/wp-content\/uploads\/2019\/10\/IMG_5435-1-13-150x150.jpg\" class=\"attachment-thumbnail size-thumbnail\" alt=\"\" \/><\/a>\n\t\t\t<\/div><\/figure><figure class='gallery-item'>\n\t\t\t<div class='gallery-icon landscape'>\n\t\t\t\t<a href='https:\/\/www.millbrooks.de\/wp-content\/uploads\/2019\/10\/IMG_5435-1-20.jpg'><img loading=\"lazy\" decoding=\"async\" width=\"150\" height=\"150\" src=\"https:\/\/www.millbrooks.de\/wp-content\/uploads\/2019\/10\/IMG_5435-1-20-150x150.jpg\" class=\"attachment-thumbnail size-thumbnail\" alt=\"\" \/><\/a>\n\t\t\t<\/div><\/figure><figure class='gallery-item'>\n\t\t\t<div class='gallery-icon landscape'>\n\t\t\t\t<a href='https:\/\/www.millbrooks.de\/wp-content\/uploads\/2019\/10\/IMG_5435-1-26.jpg'><img loading=\"lazy\" decoding=\"async\" width=\"150\" height=\"150\" src=\"https:\/\/www.millbrooks.de\/wp-content\/uploads\/2019\/10\/IMG_5435-1-26-150x150.jpg\" class=\"attachment-thumbnail size-thumbnail\" alt=\"\" \/><\/a>\n\t\t\t<\/div><\/figure><figure class='gallery-item'>\n\t\t\t<div class='gallery-icon landscape'>\n\t\t\t\t<a href='https:\/\/www.millbrooks.de\/wp-content\/uploads\/2019\/10\/IMG_5435-1-32.jpg'><img loading=\"lazy\" decoding=\"async\" width=\"150\" height=\"150\" src=\"https:\/\/www.millbrooks.de\/wp-content\/uploads\/2019\/10\/IMG_5435-1-32-150x150.jpg\" class=\"attachment-thumbnail size-thumbnail\" alt=\"\" \/><\/a>\n\t\t\t<\/div><\/figure><figure class='gallery-item'>\n\t\t\t<div class='gallery-icon portrait'>\n\t\t\t\t<a href='https:\/\/www.millbrooks.de\/wp-content\/uploads\/2019\/10\/IMG_5435-1-34.jpg'><img loading=\"lazy\" decoding=\"async\" width=\"150\" height=\"150\" src=\"https:\/\/www.millbrooks.de\/wp-content\/uploads\/2019\/10\/IMG_5435-1-34-150x150.jpg\" class=\"attachment-thumbnail size-thumbnail\" alt=\"\" \/><\/a>\n\t\t\t<\/div><\/figure><figure class='gallery-item'>\n\t\t\t<div class='gallery-icon portrait'>\n\t\t\t\t<a href='https:\/\/www.millbrooks.de\/wp-content\/uploads\/2019\/10\/IMG_5435-1-35.jpg'><img loading=\"lazy\" decoding=\"async\" width=\"150\" height=\"150\" src=\"https:\/\/www.millbrooks.de\/wp-content\/uploads\/2019\/10\/IMG_5435-1-35-150x150.jpg\" class=\"attachment-thumbnail size-thumbnail\" alt=\"\" \/><\/a>\n\t\t\t<\/div><\/figure><figure class='gallery-item'>\n\t\t\t<div class='gallery-icon portrait'>\n\t\t\t\t<a href='https:\/\/www.millbrooks.de\/wp-content\/uploads\/2019\/10\/IMG_5435-1-36.jpg'><img loading=\"lazy\" decoding=\"async\" width=\"150\" height=\"150\" src=\"https:\/\/www.millbrooks.de\/wp-content\/uploads\/2019\/10\/IMG_5435-1-36-150x150.jpg\" class=\"attachment-thumbnail size-thumbnail\" alt=\"\" \/><\/a>\n\t\t\t<\/div><\/figure>\n\t\t<\/div>\n\n<p>GB1 &#8211; 1 Paar Garten-Klappst\u00fchle, Jugendstil im \u00dcbergang zu Art Deco<\/p>\n<p>Anl\u00e4\u00dflich der Ausstellung &#8220; Kino der Moderne &#8211; Film in der Weimarer Republik&#8220; lief zu Beginn ein Film, der das Leben in Berlin zur damaligen Zeit zeigte. In einer Aufnahme, die die Au\u00dfengastronomie der Stra\u00dfencaf\u00e9s pr\u00e4sentierte, waren diese Art St\u00fchle zu sehen.<br \/>\nDie Ausstellung wurde im Jahr 2018\/2019 in der Bundeskunsthalle Bonn gemeinsam mit der Deutschen Kinemathek pr\u00e4sentiert.<\/p>\n<p>Die originale Holzbeplankung ist noch vorhanden. Im Laufe der Zeit folgten mehrere neue Farbanstriche, die mittlerweile eine traumhafte Patina zeigen.<br \/>\nDas Holz der R\u00fcckenlehne ist gebogen, die letzte Planke der Sitzfl\u00e4che l\u00e4uft nach unten. Dies f\u00fchrt zu einem sehr angenehmen Sitzkomfort.<\/p>\n<p>Die Lackierung der beiden St\u00fchle ist unterschiedlich &#8211; einer mehr in weinrot, der andere in gr\u00fcn.<\/p>\n<p>H\u00f6he Sitz 45 cm, Sitzfl\u00e4che Breite 45 cm, Tiefe 37 cm&nbsp;<br \/>\nH\u00f6he Stuhl 85 cm<\/p>\n<div id='gallery-2' class='gallery galleryid-18101 gallery-columns-3 gallery-size-thumbnail'><figure class='gallery-item'>\n\t\t\t<div class='gallery-icon portrait'>\n\t\t\t\t<a href='https:\/\/www.millbrooks.de\/wp-content\/uploads\/2019\/02\/IMG_7948-2.jpg'><img loading=\"lazy\" decoding=\"async\" width=\"150\" height=\"150\" src=\"https:\/\/www.millbrooks.de\/wp-content\/uploads\/2019\/02\/IMG_7948-2-150x150.jpg\" class=\"attachment-thumbnail size-thumbnail\" alt=\"GB2 - Klapptisch, 30er - 50er Jahre, Holz, Metall\" aria-describedby=\"gallery-2-44807\" \/><\/a>\n\t\t\t<\/div>\n\t\t\t\t<figcaption class='wp-caption-text gallery-caption' id='gallery-2-44807'>\n\t\t\t\tGB2 &#8211; Klapptisch, 30er &#8211; 50er Jahre, Holz, Metall\n\t\t\t\t<\/figcaption><\/figure><figure class='gallery-item'>\n\t\t\t<div class='gallery-icon portrait'>\n\t\t\t\t<a href='https:\/\/www.millbrooks.de\/wp-content\/uploads\/2019\/02\/IMG_7949.jpg'><img loading=\"lazy\" decoding=\"async\" width=\"150\" height=\"150\" src=\"https:\/\/www.millbrooks.de\/wp-content\/uploads\/2019\/02\/IMG_7949-150x150.jpg\" class=\"attachment-thumbnail size-thumbnail\" alt=\"\" \/><\/a>\n\t\t\t<\/div><\/figure><figure class='gallery-item'>\n\t\t\t<div class='gallery-icon landscape'>\n\t\t\t\t<a href='https:\/\/www.millbrooks.de\/wp-content\/uploads\/2019\/02\/IMG_7939.jpg'><img loading=\"lazy\" decoding=\"async\" width=\"150\" height=\"150\" src=\"https:\/\/www.millbrooks.de\/wp-content\/uploads\/2019\/02\/IMG_7939-150x150.jpg\" class=\"attachment-thumbnail size-thumbnail\" alt=\"\" \/><\/a>\n\t\t\t<\/div><\/figure><figure class='gallery-item'>\n\t\t\t<div class='gallery-icon landscape'>\n\t\t\t\t<a href='https:\/\/www.millbrooks.de\/wp-content\/uploads\/2019\/02\/IMG_7934.jpg'><img loading=\"lazy\" decoding=\"async\" width=\"150\" height=\"150\" src=\"https:\/\/www.millbrooks.de\/wp-content\/uploads\/2019\/02\/IMG_7934-150x150.jpg\" class=\"attachment-thumbnail size-thumbnail\" alt=\"\" \/><\/a>\n\t\t\t<\/div><\/figure><figure class='gallery-item'>\n\t\t\t<div class='gallery-icon landscape'>\n\t\t\t\t<a href='https:\/\/www.millbrooks.de\/wp-content\/uploads\/2019\/02\/IMG_7945.jpg'><img loading=\"lazy\" decoding=\"async\" width=\"150\" height=\"150\" src=\"https:\/\/www.millbrooks.de\/wp-content\/uploads\/2019\/02\/IMG_7945-150x150.jpg\" class=\"attachment-thumbnail size-thumbnail\" alt=\"\" \/><\/a>\n\t\t\t<\/div><\/figure><figure class='gallery-item'>\n\t\t\t<div class='gallery-icon landscape'>\n\t\t\t\t<a href='https:\/\/www.millbrooks.de\/wp-content\/uploads\/2019\/02\/IMG_7946.jpg'><img loading=\"lazy\" decoding=\"async\" width=\"150\" height=\"150\" src=\"https:\/\/www.millbrooks.de\/wp-content\/uploads\/2019\/02\/IMG_7946-150x150.jpg\" class=\"attachment-thumbnail size-thumbnail\" alt=\"\" \/><\/a>\n\t\t\t<\/div><\/figure><figure class='gallery-item'>\n\t\t\t<div class='gallery-icon landscape'>\n\t\t\t\t<a href='https:\/\/www.millbrooks.de\/wp-content\/uploads\/2019\/02\/IMG_7951.jpg'><img loading=\"lazy\" decoding=\"async\" width=\"150\" height=\"150\" src=\"https:\/\/www.millbrooks.de\/wp-content\/uploads\/2019\/02\/IMG_7951-150x150.jpg\" class=\"attachment-thumbnail size-thumbnail\" alt=\"\" \/><\/a>\n\t\t\t<\/div><\/figure><figure class='gallery-item'>\n\t\t\t<div class='gallery-icon landscape'>\n\t\t\t\t<a href='https:\/\/www.millbrooks.de\/wp-content\/uploads\/2019\/02\/IMG_7950.jpg'><img loading=\"lazy\" decoding=\"async\" width=\"150\" height=\"150\" src=\"https:\/\/www.millbrooks.de\/wp-content\/uploads\/2019\/02\/IMG_7950-150x150.jpg\" class=\"attachment-thumbnail size-thumbnail\" alt=\"\" \/><\/a>\n\t\t\t<\/div><\/figure><figure class='gallery-item'>\n\t\t\t<div class='gallery-icon landscape'>\n\t\t\t\t<a href='https:\/\/www.millbrooks.de\/wp-content\/uploads\/2019\/02\/IMG_7944-1.jpg'><img loading=\"lazy\" decoding=\"async\" width=\"150\" height=\"150\" src=\"https:\/\/www.millbrooks.de\/wp-content\/uploads\/2019\/02\/IMG_7944-1-150x150.jpg\" class=\"attachment-thumbnail size-thumbnail\" alt=\"\" \/><\/a>\n\t\t\t<\/div><\/figure><figure class='gallery-item'>\n\t\t\t<div class='gallery-icon landscape'>\n\t\t\t\t<a href='https:\/\/www.millbrooks.de\/wp-content\/uploads\/2019\/02\/IMG_7940.jpg'><img loading=\"lazy\" decoding=\"async\" width=\"150\" height=\"150\" src=\"https:\/\/www.millbrooks.de\/wp-content\/uploads\/2019\/02\/IMG_7940-150x150.jpg\" class=\"attachment-thumbnail size-thumbnail\" alt=\"\" \/><\/a>\n\t\t\t<\/div><\/figure><figure class='gallery-item'>\n\t\t\t<div class='gallery-icon landscape'>\n\t\t\t\t<a href='https:\/\/www.millbrooks.de\/wp-content\/uploads\/2019\/02\/IMG_7941.jpg'><img loading=\"lazy\" decoding=\"async\" width=\"150\" height=\"150\" src=\"https:\/\/www.millbrooks.de\/wp-content\/uploads\/2019\/02\/IMG_7941-150x150.jpg\" class=\"attachment-thumbnail size-thumbnail\" alt=\"\" \/><\/a>\n\t\t\t<\/div><\/figure><figure class='gallery-item'>\n\t\t\t<div class='gallery-icon landscape'>\n\t\t\t\t<a href='https:\/\/www.millbrooks.de\/wp-content\/uploads\/2019\/02\/IMG_7943.jpg'><img loading=\"lazy\" decoding=\"async\" width=\"150\" height=\"150\" src=\"https:\/\/www.millbrooks.de\/wp-content\/uploads\/2019\/02\/IMG_7943-150x150.jpg\" class=\"attachment-thumbnail size-thumbnail\" alt=\"\" \/><\/a>\n\t\t\t<\/div><\/figure>\n\t\t<\/div>\n\n<p>GB2 &#8211; Klapptisch, 30er &#8211; 50er Jahre, Holz, Metall<\/p>\n<p>Der Tisch hat eine H\u00f6he von 75 cm,<br \/>\ndie Tischplatte ist 64 cm x 56 cm gro\u00df<\/p>\n<p>Das Metallgestell sowie die Holz-Tischplatte haben mehrere alte Farbschichten und eine sch\u00f6ne Patina.<\/p>\n<p>&nbsp;<\/p>\n","protected":false},"excerpt":{"rendered":"<p>&nbsp; Detailansichten \/ Detailed view GB1 &#8211; 1 Paar Garten-Klappst\u00fchle, Jugendstil im \u00dcbergang zu Art Deco Anl\u00e4\u00dflich der Ausstellung &#8220; Kino der Moderne &#8211; Film in der Weimarer Republik&#8220; lief zu Beginn ein Film, der das Leben in Berlin zur damaligen Zeit zeigte. In einer Aufnahme, die die Au\u00dfengastronomie der Stra\u00dfencaf\u00e9s pr\u00e4sentierte, waren diese Art &hellip; <a href=\"https:\/\/www.millbrooks.de\/?page_id=18101\" class=\"more-link\"><span class=\"screen-reader-text\">Garten- und Balkonm\u00f6bel &#8211; Garden and balcony furniture<\/span> weiterlesen <span class=\"meta-nav\">&rarr;<\/span><\/a><\/p>\n","protected":false},"author":2,"featured_media":0,"parent":0,"menu_order":0,"comment_status":"closed","ping_status":"closed","template":"","meta":{"footnotes":""},"class_list":["post-18101","page","type-page","status-publish","hentry"],"_links":{"self":[{"href":"https:\/\/www.millbrooks.de\/index.php?rest_route=\/wp\/v2\/pages\/18101","targetHints":{"allow":["GET"]}}],"collection":[{"href":"https:\/\/www.millbrooks.de\/index.php?rest_route=\/wp\/v2\/pages"}],"about":[{"href":"https:\/\/www.millbrooks.de\/index.php?rest_route=\/wp\/v2\/types\/page"}],"author":[{"embeddable":true,"href":"https:\/\/www.millbrooks.de\/index.php?rest_route=\/wp\/v2\/users\/2"}],"replies":[{"embeddable":true,"href":"https:\/\/www.millbrooks.de\/index.php?rest_route=%2Fwp%2Fv2%2Fcomments&post=18101"}],"version-history":[{"count":8,"href":"https:\/\/www.millbrooks.de\/index.php?rest_route=\/wp\/v2\/pages\/18101\/revisions"}],"predecessor-version":[{"id":53237,"href":"https:\/\/www.millbrooks.de\/index.php?rest_route=\/wp\/v2\/pages\/18101\/revisions\/53237"}],"wp:attachment":[{"href":"https:\/\/www.millbrooks.de\/index.php?rest_route=%2Fwp%2Fv2%2Fmedia&parent=18101"}],"curies":[{"name":"wp","href":"https:\/\/api.w.org\/{rel}","templated":true}]}}